Suppose -8 = 2*j + 6. Let m be (10 + j)*(-4)/(-6). Suppose -9 = -5*a + m*a. What is the remainder when 5 is divided by a?
2
Let d be 6/(-2 + (-14)/(-4)). Let f(x) = x**3 - 4*x**2 + 3*x - 2. Calculate the remainder when 26 is divided by f(d).
6
Suppose 61 = 5*h - 19. Suppose 0 = x - h + 4. Suppose 5*g = -0*g + 165. What is the remainder when g is divided by x?
9
Let b(c) = 3*c**2 - 11*c + 20. What is the remainder when 69 is divided by b(4)?
21
Let r be (-4)/(-22) - (-650)/55. Suppose -r = 2*s + 2*s, 3*s - 9 = -3*j. What is the remainder when j is divided by 4?
2
Suppose -2*d = 3*v - 6, -3*v = -3*d - 12 + 36. Calculate the remainder when d is divided by (-3)/(-9) - (-32)/12.
0
Let b(q) = 9*q**3 + q**2 + 2*q - 2. Calculate the remainder when 187 is divided by b(1).
7
Let i(w) = w + 5. What is the remainder when 37 is divided by i(14)?
18
Let j = 16 + -6. Calculate the remainder when 38 is divided by j.
8
Let m = -24 - -26. Let h(g) = -g**3 + 5*g**2 - g + 4. Let q be h(5). Let o = q + m. Calculate the remainder when 3 is divided by o.
0
Suppose -4*w + 3*w - 4*o = -32, 94 = 2*w - 2*o. Suppose 0*q - 5*f + 55 = 3*q, -2*q - 4*f + 38 = 0. What is the remainder when w is divided by q?
14
Let t(c) = c**2 - 3*c + 1. Calculate the remainder when 76 is divided by t(-2).
10
Let x(d) = -d**2 - 6*d + 2. Calculate the remainder when 199 is divided by x(-4).
9
Let u = 60 + -38. Let j(y) = 2*y**2 - 3*y - 5. What is the remainder when j(-6) is divided by u?
19
Let o = 16 + -13. What is the remainder when o is divided by 2?
1
Suppose 4*g + c = 204, -3*c - 188 = -4*g - 0*c. What is the remainder when g is divided by 17?
16
What is the remainder when 4/8 - (-234)/4 is divided by 15?
14
Suppose 0*i + 2 = -2*i. Let f = 12 + -12. Calculate the remainder when i/(f - (-1)/(-25)) is divided by 13.
12
Suppose 0 = 4*h + d - 59, -h + 0*h = -d - 16. Suppose 4*s - 46 = -5*f, -8*s + 3*s = -f + h. Suppose q = 2*q - 18. What is the remainder when q is divided by f?
8
Suppose -m = 7*m - 48. Calculate the remainder when 9 is divided by m.
3
Let z = -15 + 31. Calculate the remainder when z is divided by (1/1)/(2/12).
4
Let b = 170 - 148. Calculate the remainder when 32 is divided by b.
10
Suppose 2*a - 5*m = 6*a - 37, 0 = 5*m + 15. Suppose -393 + 148 = -5*i. Calculate the remainder when i is divided by a.
10
Suppose -n + y + 10 = 0, 4*n + 4*y - 32 = -0*y. What is the remainder when (-2 - -8)*1*4 is divided by n?
6
Suppose 2*u = 3 + 15. Let i(a) = a**2 - 5*a + 9. What is the remainder when i(u) is divided by 12?
9
Let o(m) = 6*m + 2. Let r be o(-1). Suppose -b = 3*i - 41, -3*b - 5*i = -10*i - 109. What is the remainder when b is divided by (r + -1)*(-7 + 3)?
18
Suppose 8*c = 89 + 191. Let d = -54 + 32. Let m = 34 + d. What is the remainder when c is divided by m?
11
Suppose 0 = -5*y - 131 + 616. Calculate the remainder when y is divided by 49.
48
Suppose -m - 2 = -1. Suppose 0*o + p + 13 = o, p + 21 = 2*o. Calculate the remainder when 11 - (-1 - (m + 3)) is divided by o.
6
Let f = -48 - -22. Suppose 3*y = 7*y + 8. Let k = y - f. Calculate the remainder when k is divided by 13.
11
Suppose -3*z + 3*u + 80 = -328, -272 = -2*z - 5*u. Calculate the remainder when z is divided by 35.
31
Let x(p) = 18*p**3 + 6*p**2 - 2. Calculate the remainder when x(2) is divided by 42.
40
Let p = 82 - 31. What is the remainder when 201 is divided by p?
48
Let r be ((-1)/(-2) - 1)*0. Suppose -3*t + t + 28 = r. Suppose -5*n - 3*s = -t, -n = n + 4*s. Calculate the remainder when 10 is divided by n.
2
Suppose 0 = -5*k - 3 - 2, -k = 2*u - 19. Suppose q = 3*q - 156. Let g = q - 50. Calculate the remainder when g is divided by u.
8
Calculate the remainder when 39 is divided by (-12)/(-18) + (-122)/(-6).
18
Let n(f) = 4*f - 34. Calculate the remainder when 33 is divided by n(10).
3
Let d = 0 + 19. Calculate the remainder when 75 is divided by d.
18
Suppose -c - 4*r = -r - 119, 2*c - 4*r - 218 = 0. What is the remainder when c is divided by 29?
26
Suppose 2*b = 22 - 10. What is the remainder when 16 is divided by b?
4
Let u = 179 + -102. What is the remainder when u is divided by 42?
35
Suppose f - 4*m = 2*f - 43, 2*f - 46 = 2*m. Suppose -20 = -4*k, -2*r - 5*k + 9 = -12. Let n = r - -16. What is the remainder when f is divided by n?
13
Suppose 2*v + 5 = -5*m + 2, 0 = m + 5. Suppose -5*u = 4*z - 51, 4*z - 3*u - 48 = v. Calculate the remainder when 41 is divided by z.
13
Let r be (-1)/((1/13)/(-1)). Let t = -4 + r. Let f(u) = u**2 + 5. Calculate the remainder when t is divided by f(0).
4
Suppose 0 = 5*q + 6*r - 3*r - 25, -5*r + 25 = 0. Let b(u) = u**3 - 4*u**2 - 6*u - 7. Let g be b(5). What is the remainder when q is divided by -3*(1 - (-16)/g)?
0
Let y = 56 - 23. Calculate the remainder when y is divided by 13.
7
Let i(h) = -h**2 - 9*h + 8. Suppose k - 11 - 7 = 0. Let y = k + -9. Calculate the remainder when i(-6) is divided by y.
8
Let q be 2/(1*-2)*-21. Let j = 37 - q. Calculate the remainder when 31 is divided by j.
15
Let p(q) = 58*q - 1. Let j be p(1). Let x = j - 25. What is the remainder when x is divided by 11?
10
Calculate the remainder when 26 - 2/(-5 - -3) is divided by 6.
3
Suppose -9*q + 14*q = 90. Suppose 0 = 2*c - 0*c - q. What is the remainder when 35 is divided by c?
8
Let p = -1 + -3. Let y = -2 - p. Suppose 0*k + k = 2*l + 9, -4*k + 56 = y*l. Calculate the remainder when 37 is divided by k.
11
Suppose 0 = -2*t + 3*d + 94, 0 = -d + 4*d. Calculate the remainder when 92 is divided by t.
45
Let d = 1 + 2. Let z(h) = 8*h. What is the remainder when z(d) is divided by 13?
11
Let o(r) = -3*r + 3. Let c be o(6). Let k(x) = -x. Let w(l) = l**2 - 2*l + 5. Calculate the remainder when w(-4) is divided by k(c).
14
Let h = 46 + -40. What is the remainder when 29 is divided by h?
5
Let a(j) = 2*j**3 - 2*j**2 - 3*j - 2. Calculate the remainder when 72 is divided by a(3).
22
Let g(j) = -j**2 + 6*j - 4. Let r be g(3). Suppose 3*a - 2*i = 50, r*a - 7 = -3*i + 51. Calculate the remainder when 40 is divided by a.
12
Let y(f) be the first derivative of 1 - 4 - 5*f + 5 - 2*f**2 + 0. Calculate the remainder when y(-10) is divided by 9.
8
Let t(w) = -w**2 - 9*w - 2. Suppose -5*p = -4*p + 7. Calculate the remainder when 34 is divided by t(p).
10
Suppose 100 = 4*g + a, 8*a + 52 = 3*g + 3*a. Calculate the remainder when 94 is divided by g.
22
Suppose 0 = 5*u + p + 25, 0*u = -u + 5*p + 21. Calculate the remainder when u/((-16)/(-12)) + 9 is divided by 4.
2
Suppose n - 65 = -5*i, 5*n + 2*i + 5 = 307. Let l be (n/(-35))/(2/(-7)). Calculate the remainder when 15 is divided by 80/14 - l/(-21).
3
Let u be 3*((-6)/(-3) + -1). Suppose -q + 53 = -0*t + 3*t, -u*t = -q - 43. What is the remainder when 45 is divided by t?
13
Let y = 43 - 23. Suppose -8*p = -3*p - 2*h + 63, h = -p - 7. Calculate the remainder when y is divided by p/((-1)/(-1 + 2)).
9
Suppose 118 = 3*o + 37. Calculate the remainder when 103 is divided by o.
22
Let u(g) = g**3 - 6*g**2 + 2*g - 4. What is the remainder when 14 is divided by u(6)?
6
Let b(o) = o**2 - 5*o - 10. Let g(k) = k**3 + 5*k**2 - 9*k - 4. Calculate the remainder when b(9) is divided by g(-6).
12
Suppose -118 = -5*j + 2*f, 0 = j - 6*j - 3*f + 123. Calculate the remainder when j is divided by 13.
11
Let b(y) = -y**2 + 7*y + 8. Let a be b(7). Suppose 0 = -4*v + a*v. Suppose -2*r = 2*s - 2, 5*r + v = -20. What is the remainder when 19 is divided by s?
4
Let f be (-2)/(-6)*0 - 0. Suppose 2*n - 7*n + 55 = f. Suppose -5*w + 5*o = o - 155, 2*w + 2*o = 62. Calculate the remainder when w is divided by n.
9
Let l = 40 - -4. What is the remainder when l is divided by 23?
21
Calculate the remainder when (-784)/(-24) - (-2)/(-3) is divided by 7.
4
Let y(w) = -w**2 + 4*w + 1. Let i(d) = d - 3. Let j be i(6). Calculate the remainder when 1/(-5) - 153/(-15) is divided by y(j).
2
Let f(k) = k**3 + 3*k**2 + k - 3. Let r be f(-3). What is the remainder when (4/3)/(r/(-72)) is divided by 9?
7
Suppose 3*v + 5*f = 63, -f + 2 = -1. What is the remainder when 63 is divided by v?
15
Let d = -40 - -67. Calculate the remainder when 50 is divided by d.
23
Let u(j) = j**3 - 3*j**2 + 4*j - 2. Let a be (-4)/(-20) + 158/10. Suppose -2*g = -4, x + x = -4*g + a. What is the remainder when x is divided by u(2)?
0
Suppose 5 - 114 